{"id":23,"date":"2025-10-28T16:44:35","date_gmt":"2025-10-28T15:44:35","guid":{"rendered":"https:\/\/btkujawa.pl\/?page_id=23"},"modified":"2025-10-28T16:44:35","modified_gmt":"2025-10-28T15:44:35","slug":"o-biurze-turystycznym-kujawa-w-krzymowie","status":"publish","type":"page","link":"https:\/\/btkujawa.pl\/?page_id=23","title":{"rendered":"O biurze turystycznym Kujawa w\u00a0Krzymowie"},"content":{"rendered":"\n<p>W biurze podr\u00f3\u017cy Kujawa zapewniamy kompleksow\u0105<strong>&nbsp;obs\u0142ug\u0119 turystyczn\u0105<\/strong>&nbsp;\u2013 od&nbsp;organizacji wycieczek, przez rezerwacj\u0119 hoteli, transport, a\u017c po&nbsp;ubezpieczenia podr\u00f3\u017cne. Dzi\u0119ki wsp\u00f3\u0142pracy z&nbsp;uznanymi touroperatorami gwarantujemy wysok\u0105 jako\u015b\u0107 us\u0142ug i&nbsp;niezawodno\u015b\u0107 w&nbsp;realizacji ka\u017cdej podr\u00f3\u017cy.<\/p>\n\n\n\n<p>Nasz zesp\u00f3\u0142 tworz\u0105 do\u015bwiadczeni specjali\u015bci, kt\u00f3rzy z&nbsp;prawdziw\u0105 pasj\u0105 zajmuj\u0105&nbsp;si\u0119 planowaniem wakacji. Doradzamy, inspirujemy i&nbsp;wspieramy naszych klient\u00f3w w&nbsp;wyborze najlepszych ofert \u2013 tak, by&nbsp;ka\u017cda podr\u00f3\u017c by\u0142a nie&nbsp;tylko&nbsp;udana, ale&nbsp;i&nbsp;niezapomniana.<\/p>\n\n\n\n<p>Regularnie organizujemy spotkania informacyjne, podczas kt\u00f3rych prezentujemy najnowsze propozycje wyjazd\u00f3w i&nbsp;odpowiadamy na&nbsp;wszystkie pytania. Jeste\u015bmy tu&nbsp;po&nbsp;to, by&nbsp;pom\u00f3c w&nbsp;przygotowaniu wymarzonego wypoczynku \u2013 z&nbsp;pe\u0142nym zaanga\u017cowaniem i&nbsp;indywidualnym podej\u015bciem.<\/p>\n\n\n\n<h2 class=\"wp-block-heading\">Aktualne informacje o&nbsp;wycieczkach? Sprawd\u017a nasz&nbsp;Facebook!<\/h2>\n\n\n\n<p>Szczeg\u00f3\u0142y dotycz\u0105ce najnowszych wyjazd\u00f3w, termin\u00f3w i&nbsp;atrakcji publikujemy regularnie na&nbsp;naszym profilu na&nbsp;Facebooku \u2013 to&nbsp;tam&nbsp;znajdziesz naj\u015bwie\u017csze propozycje i&nbsp;relacje z&nbsp;podr\u00f3\u017cy. Je\u015bli chcesz dowiedzie\u0107&nbsp;si\u0119 wi\u0119cej, zarezerwowa\u0107 miejsce lub&nbsp;po&nbsp;prostu porozmawia\u0107 o&nbsp;planach \u2013 zapraszamy do&nbsp;naszego biura w&nbsp;Krzymowie albo&nbsp;do&nbsp;kontaktu telefonicznego. Z&nbsp;przyjemno\u015bci\u0105 doradzimy i&nbsp;pomo\u017cemy zaplanowa\u0107 Twoj\u0105 kolejn\u0105 przygod\u0119!<\/p>\n","protected":false},"excerpt":{"rendered":"<p>W biurze podr\u00f3\u017cy Kujawa zapewniamy kompleksow\u0105&nbsp;obs\u0142ug\u0119 turystyczn\u0105&nbsp;\u2013 od&nbsp;organizacji wycieczek, przez rezerwacj\u0119 hoteli, transport, a\u017c po&nbsp;ubezpieczenia podr\u00f3\u017cne. Dzi\u0119ki wsp\u00f3\u0142pracy z&nbsp;uznanymi touroperatorami gwarantujemy wysok\u0105 jako\u015b\u0107 us\u0142ug i&nbsp;niezawodno\u015b\u0107 w&nbsp;realizacji ka\u017cdej podr\u00f3\u017cy. Nasz zesp\u00f3\u0142 tworz\u0105 do\u015bwiadczeni specjali\u015bci, kt\u00f3rzy z&nbsp;prawdziw\u0105 pasj\u0105 zajmuj\u0105&nbsp;si\u0119 planowaniem wakacji. Doradzamy, inspirujemy i&nbsp;wspieramy naszych klient\u00f3w w&nbsp;wyborze najlepszych ofert \u2013 tak, by&nbsp;ka\u017cda podr\u00f3\u017c by\u0142a nie&nbsp;tylko&nbsp;udana, ale&nbsp;i&nbsp;niezapomniana. Regularnie [&hellip;]<\/p>\n","protected":false},"author":1,"featured_media":0,"parent":0,"menu_order":0,"comment_status":"closed","ping_status":"closed","template":"","meta":{"footnotes":""},"class_list":["post-23","page","type-page","status-publish","hentry"],"_links":{"self":[{"href":"https:\/\/btkujawa.pl\/index.php?rest_route=\/wp\/v2\/pages\/23","targetHints":{"allow":["GET"]}}],"collection":[{"href":"https:\/\/btkujawa.pl\/index.php?rest_route=\/wp\/v2\/pages"}],"about":[{"href":"https:\/\/btkujawa.pl\/index.php?rest_route=\/wp\/v2\/types\/page"}],"author":[{"embeddable":true,"href":"https:\/\/btkujawa.pl\/index.php?rest_route=\/wp\/v2\/users\/1"}],"replies":[{"embeddable":true,"href":"https:\/\/btkujawa.pl\/index.php?rest_route=%2Fwp%2Fv2%2Fcomments&post=23"}],"version-history":[{"count":1,"href":"https:\/\/btkujawa.pl\/index.php?rest_route=\/wp\/v2\/pages\/23\/revisions"}],"predecessor-version":[{"id":24,"href":"https:\/\/btkujawa.pl\/index.php?rest_route=\/wp\/v2\/pages\/23\/revisions\/24"}],"wp:attachment":[{"href":"https:\/\/btkujawa.pl\/index.php?rest_route=%2Fwp%2Fv2%2Fmedia&parent=23"}],"curies":[{"name":"wp","href":"https:\/\/api.w.org\/{rel}","templated":true}]}}